{"id":132,"date":"2010-09-02T15:33:57","date_gmt":"2010-09-02T13:33:57","guid":{"rendered":"http:\/\/www.forex-pc.de\/wordpress\/wordpress\/?page_id=132"},"modified":"2010-10-08T11:16:51","modified_gmt":"2010-10-08T09:16:51","slug":"hanging-man","status":"publish","type":"page","link":"http:\/\/www.candlestick-fibonacci.de\/?page_id=132","title":{"rendered":"Hanging Man"},"content":{"rendered":"<hr>\n<div style=\"overflow: hidden;\">\n<div id=\"attachment_245\" style=\"width: 110px\" class=\"wp-caption alignnone\"><img loading=\"lazy\" decoding=\"async\" aria-describedby=\"caption-attachment-245\" src=\"http:\/\/www.forex-pc.de\/wordpress\/wordpress\/wp-content\/uploads\/2010\/09\/Hanging-Man.jpg\" alt=\"\" title=\"Hanging Man\" width=\"100\" height=\"100\" class=\"size-full wp-image-245\" \/><p id=\"caption-attachment-245\" class=\"wp-caption-text\">Hanging Man<\/p><\/div><\/p>\n<p style=\"text-align:justify; padding:0; margin: -110px 0 0 108px; position: relative; float: left; display: inline;\">Die Formation tritt im Aufw\u00e4rtstrend als Top-Umkehrformation auf und wird als bearishes Signal charakterisiert.<br \/>\nDer Hanging Man ist gekennzeichnet durch ein Er\u00f6ffnungsgap und einen anschlie\u00dfenden Kursverfall bis unter den Schlusskurs Vortag gibt. Die K\u00e4ufer k\u00f6nnen den Kurs zwar auf einem h\u00f6heren Niveau halten, es ist jedoch eine zunehmende Schw\u00e4che des Aufw\u00e4rtstrends (sinkendes Vertrauen in den Aufw\u00e4rtstrend) zu erkennen. Es kann ein anf\u00e4nglicher Indikator f\u00fcr einen Bruch des Aufw\u00e4rtstrends sein.<br \/>\nUm die Prognosegenauigkeit zu erh\u00f6hen, sollte eine Best\u00e4tigung in der n\u00e4chsten Kerze gesucht werden.\n<\/p>\n<\/div>\n<hr>\n<div id=\"attachment_246\" style=\"width: 650px\" class=\"wp-caption alignnone\"><img loading=\"lazy\" decoding=\"async\" aria-describedby=\"caption-attachment-246\" src=\"http:\/\/www.forex-pc.de\/wordpress\/wordpress\/wp-content\/uploads\/2010\/09\/hammer_hangingman.jpg\" alt=\"\" title=\"Hammer und Hanging Man\" width=\"640\" height=\"480\" class=\"size-full wp-image-246\" srcset=\"http:\/\/www.candlestick-fibonacci.de\/wp-content\/uploads\/2010\/09\/hammer_hangingman.jpg 640w, http:\/\/www.candlestick-fibonacci.de\/wp-content\/uploads\/2010\/09\/hammer_hangingman-300x225.jpg 300w\" sizes=\"auto, (max-width: 640px) 100vw, 640px\" \/><p id=\"caption-attachment-246\" class=\"wp-caption-text\">Hammer und Hanging Man<\/p><\/div>\n<p style=\"text-align:justify\">Der Chart zeigt eine Hanging Man Formation am Top der Marktbewegung. Ebenfalls ist noch ein Hammer als Bodenumkehrformation und Gegenst\u00fcck zum Hanging Man dargestellt. <\/p>\n<hr>\n","protected":false},"excerpt":{"rendered":"<p>Die Formation tritt im Aufw\u00e4rtstrend als Top-Umkehrformation auf und wird als bearishes Signal charakterisiert. Der Hanging Man ist gekennzeichnet durch ein Er\u00f6ffnungsgap und einen anschlie\u00dfenden Kursverfall bis unter den Schlusskurs Vortag gibt. Die K\u00e4ufer k\u00f6nnen den Kurs zwar auf einem h\u00f6heren Niveau halten, es ist jedoch eine zunehmende Schw\u00e4che des Aufw\u00e4rtstrends (sinkendes Vertrauen in den [&hellip;]<\/p>\n","protected":false},"author":1,"featured_media":0,"parent":18,"menu_order":1,"comment_status":"closed","ping_status":"closed","template":"","meta":{"footnotes":""},"class_list":["post-132","page","type-page","status-publish","hentry"],"_links":{"self":[{"href":"http:\/\/www.candlestick-fibonacci.de\/index.php?rest_route=\/wp\/v2\/pages\/132","targetHints":{"allow":["GET"]}}],"collection":[{"href":"http:\/\/www.candlestick-fibonacci.de\/index.php?rest_route=\/wp\/v2\/pages"}],"about":[{"href":"http:\/\/www.candlestick-fibonacci.de\/index.php?rest_route=\/wp\/v2\/types\/page"}],"author":[{"embeddable":true,"href":"http:\/\/www.candlestick-fibonacci.de\/index.php?rest_route=\/wp\/v2\/users\/1"}],"replies":[{"embeddable":true,"href":"http:\/\/www.candlestick-fibonacci.de\/index.php?rest_route=%2Fwp%2Fv2%2Fcomments&post=132"}],"version-history":[{"count":10,"href":"http:\/\/www.candlestick-fibonacci.de\/index.php?rest_route=\/wp\/v2\/pages\/132\/revisions"}],"predecessor-version":[{"id":1116,"href":"http:\/\/www.candlestick-fibonacci.de\/index.php?rest_route=\/wp\/v2\/pages\/132\/revisions\/1116"}],"up":[{"embeddable":true,"href":"http:\/\/www.candlestick-fibonacci.de\/index.php?rest_route=\/wp\/v2\/pages\/18"}],"wp:attachment":[{"href":"http:\/\/www.candlestick-fibonacci.de\/index.php?rest_route=%2Fwp%2Fv2%2Fmedia&parent=132"}],"curies":[{"name":"wp","href":"https:\/\/api.w.org\/{rel}","templated":true}]}}