{"id":134,"date":"2010-09-02T15:35:05","date_gmt":"2010-09-02T13:35:05","guid":{"rendered":"http:\/\/www.forex-pc.de\/wordpress\/wordpress\/?page_id=134"},"modified":"2010-10-08T13:44:22","modified_gmt":"2010-10-08T11:44:22","slug":"inverted-hammer","status":"publish","type":"page","link":"http:\/\/www.candlestick-fibonacci.de\/?page_id=134","title":{"rendered":"Inverted Hammer"},"content":{"rendered":"<hr>\n<div style=\"overflow: hidden;\">\n<div id=\"attachment_250\" style=\"width: 110px\" class=\"wp-caption alignnone\"><img loading=\"lazy\" decoding=\"async\" aria-describedby=\"caption-attachment-250\" src=\"http:\/\/www.forex-pc.de\/wordpress\/wordpress\/wp-content\/uploads\/2010\/09\/Inverted-Hammer.jpg\" alt=\"\" title=\"Inverted Hammer\" width=\"100\" height=\"100\" class=\"size-full wp-image-250\" \/><p id=\"caption-attachment-250\" class=\"wp-caption-text\">Inverted Hammer<\/p><\/div><\/p>\n<p style=\"text-align:justify; padding:0; margin: -125px 0 0 115px; position: relative; float: left; display: inline;\">Nach vorherrschender Marktbewegung ist der Inverted Hammer eine Bodenumkehrformation, die bullish zu interpretieren ist.<br \/>\nDer Inverted Hammer er\u00f6ffnet in der N\u00e4he des Kurstiefstpunktes und bildet einen kleinen Kerzenk\u00f6rper mit langen oberen Schatten, der mindestens zweimal so lang wie der Kerzenk\u00f6rper ist.<br \/>\nDer umgekehrte Hammer, erreicht in der Periode eine signifikante Erholung und kann jedoch letztlich diese Rally nicht aufrechterhalten. Er gilt als Warnung f\u00fcr Shorter, dass ein nachhaltiger Aufw\u00e4rtstrend erwartet werden sollte.<br \/>\nDie Trendumkehr nach einem Inverted Hammer ist wahrscheinlicher, wenn eine wei\u00dfe lange Kerze folgt. Er \u00e4hnelt dabei sehr der starken Formation des Gravestone Doji, die im sp\u00e4teren Verlauf n\u00e4her erl\u00e4utert wird.\n<\/p>\n<\/div>\n<hr>\n<div id=\"attachment_653\" style=\"width: 650px\" class=\"wp-caption alignnone\"><img loading=\"lazy\" decoding=\"async\" aria-describedby=\"caption-attachment-653\" src=\"http:\/\/www.forex-pc.de\/wordpress\/wordpress\/wp-content\/uploads\/2010\/09\/invertedhammer.jpg\" alt=\"\" title=\"Inverted Hammer\" width=\"640\" height=\"480\" class=\"size-full wp-image-653\" srcset=\"http:\/\/www.candlestick-fibonacci.de\/wp-content\/uploads\/2010\/09\/invertedhammer.jpg 640w, http:\/\/www.candlestick-fibonacci.de\/wp-content\/uploads\/2010\/09\/invertedhammer-300x225.jpg 300w\" sizes=\"auto, (max-width: 640px) 100vw, 640px\" \/><p id=\"caption-attachment-653\" class=\"wp-caption-text\">Inverted Hammer<\/p><\/div>\n<p style=\"text-align:justify;\">\nDie Abbildung zeigt einen Inverted Hammer als Bodenumkehrformation nach vorherigen Abw\u00e4rtstrend. Im Verlauf der Periode steigt der Kurs. Der bullishe Impuls kann nicht aufrechterhalten werden und der Inverted Hammer schlie\u00dft in der N\u00e4he des Er\u00f6ffnungskurses. Trotz dieser Tatsache gilt die Formation als Fr\u00fchindikator daf\u00fcr, dass der Downtrend m\u00f6glicherweise endet.\n<\/p>\n<hr>\n","protected":false},"excerpt":{"rendered":"<p>Nach vorherrschender Marktbewegung ist der Inverted Hammer eine Bodenumkehrformation, die bullish zu interpretieren ist. Der Inverted Hammer er\u00f6ffnet in der N\u00e4he des Kurstiefstpunktes und bildet einen kleinen Kerzenk\u00f6rper mit langen oberen Schatten, der mindestens zweimal so lang wie der Kerzenk\u00f6rper ist. Der umgekehrte Hammer, erreicht in der Periode eine signifikante Erholung und kann jedoch letztlich [&hellip;]<\/p>\n","protected":false},"author":1,"featured_media":0,"parent":18,"menu_order":2,"comment_status":"closed","ping_status":"closed","template":"","meta":{"footnotes":""},"class_list":["post-134","page","type-page","status-publish","hentry"],"_links":{"self":[{"href":"http:\/\/www.candlestick-fibonacci.de\/index.php?rest_route=\/wp\/v2\/pages\/134","targetHints":{"allow":["GET"]}}],"collection":[{"href":"http:\/\/www.candlestick-fibonacci.de\/index.php?rest_route=\/wp\/v2\/pages"}],"about":[{"href":"http:\/\/www.candlestick-fibonacci.de\/index.php?rest_route=\/wp\/v2\/types\/page"}],"author":[{"embeddable":true,"href":"http:\/\/www.candlestick-fibonacci.de\/index.php?rest_route=\/wp\/v2\/users\/1"}],"replies":[{"embeddable":true,"href":"http:\/\/www.candlestick-fibonacci.de\/index.php?rest_route=%2Fwp%2Fv2%2Fcomments&post=134"}],"version-history":[{"count":14,"href":"http:\/\/www.candlestick-fibonacci.de\/index.php?rest_route=\/wp\/v2\/pages\/134\/revisions"}],"predecessor-version":[{"id":1121,"href":"http:\/\/www.candlestick-fibonacci.de\/index.php?rest_route=\/wp\/v2\/pages\/134\/revisions\/1121"}],"up":[{"embeddable":true,"href":"http:\/\/www.candlestick-fibonacci.de\/index.php?rest_route=\/wp\/v2\/pages\/18"}],"wp:attachment":[{"href":"http:\/\/www.candlestick-fibonacci.de\/index.php?rest_route=%2Fwp%2Fv2%2Fmedia&parent=134"}],"curies":[{"name":"wp","href":"https:\/\/api.w.org\/{rel}","templated":true}]}}