{"id":2,"date":"2010-08-30T13:14:03","date_gmt":"2010-08-30T11:14:03","guid":{"rendered":"http:\/\/www.forex-pc.de\/wordpress\/wordpress\/?page_id=2"},"modified":"2010-10-11T20:46:01","modified_gmt":"2010-10-11T18:46:01","slug":"einfuhrung","status":"publish","type":"page","link":"http:\/\/www.candlestick-fibonacci.de\/?page_id=2","title":{"rendered":"Einf\u00fchrung"},"content":{"rendered":"<hr>\n<p style=\"text-align:justify\">\nIn der Einf\u00fchrung werden wir kurz ein paar Fachbegriffe unter die Lupe nehmen. Diese Begriffe sind notwendig, um die vielen Formationen verstehen zu k\u00f6nnen.<\/p>\n<p>Der K\u00f6rper stellt die Spanne zwischen Er\u00f6ffnungs- und Schlusskurs dar. Durch eine farbliche Abgrenzung sind Candlesticks leicht interpretierbar. Bei steigenden Kursen liegt der Schlusskurs \u00fcber dem Er\u00f6ffnungskurs. Es ergibt sich ein wei\u00dfer oder gr\u00fcner K\u00f6rper. Fallen die Kurse befindet sich der Schlusskurs unter dem Er\u00f6ffnungskurs. Dadurch ergibt sich ein schwarzer oder roter K\u00f6rper. Die kleinen vertikalen Linien, \u00fcber und unter dem K\u00f6rper, werden als Docht bezeichnet. Sie stellen den H\u00f6chst- und Tiefst- Kurs der Periode dar. Deshalb bezeichnet man das Ganze auch Candle-Stick-Analyse, bzw. als Kerzen-Analyse.\n<\/p>\n<div id=\"attachment_789\" style=\"width: 421px\" class=\"wp-caption alignnone\"><img loading=\"lazy\" decoding=\"async\" aria-describedby=\"caption-attachment-789\" src=\"http:\/\/www.forex-pc.de\/wordpress\/wordpress\/wp-content\/uploads\/2010\/08\/\u00dcbersichtcandle1.jpg\" alt=\"\" title=\"\u00dcbersicht Candlesticks\" width=\"411\" height=\"159\" class=\"size-full wp-image-789\" srcset=\"http:\/\/www.candlestick-fibonacci.de\/wp-content\/uploads\/2010\/08\/\u00dcbersichtcandle1.jpg 411w, http:\/\/www.candlestick-fibonacci.de\/wp-content\/uploads\/2010\/08\/\u00dcbersichtcandle1-300x116.jpg 300w\" sizes=\"auto, (max-width: 411px) 100vw, 411px\" \/><p id=\"caption-attachment-789\" class=\"wp-caption-text\">\u00dcbersicht Candlesticks<\/p><\/div>\n<hr>\n<p><strong> Auspr\u00e4gungen: <\/strong><\/p>\n<div style=\"overflow: hidden;\">\n<div id=\"attachment_792\" style=\"width: 103px\" class=\"wp-caption alignnone\"><img loading=\"lazy\" decoding=\"async\" aria-describedby=\"caption-attachment-792\" src=\"http:\/\/www.forex-pc.de\/wordpress\/wordpress\/wp-content\/uploads\/2010\/08\/long-days.jpg\" alt=\"\" title=\"Long Days\" width=\"93\" height=\"112\" class=\"size-full wp-image-792\" \/><p id=\"caption-attachment-792\" class=\"wp-caption-text\">Long Days<\/p><\/div><\/p>\n<p style=\"text-align:justify; padding:0; margin: -130px 0 0 110px; position: relative; float: left; display: inline;\">\nLong Days kennzeichnen Kerzen mit gro\u00dfer Handelsspanne, die eine klare Entscheidung f\u00fcr den Aufw\u00e4rts- bzw. Abw\u00e4rtstrend signalisieren. <\/p>\n<\/div>\n<div style=\"overflow: hidden;\">\n<div id=\"attachment_791\" style=\"width: 90px\" class=\"wp-caption alignnone\"><img loading=\"lazy\" decoding=\"async\" aria-describedby=\"caption-attachment-791\" src=\"http:\/\/www.forex-pc.de\/wordpress\/wordpress\/wp-content\/uploads\/2010\/08\/short-days.jpg\" alt=\"\" title=\"Short Days\" width=\"80\" height=\"108\" class=\"size-full wp-image-791\" \/><p id=\"caption-attachment-791\" class=\"wp-caption-text\">Short Days<\/p><\/div><\/p>\n<p style=\"text-align:justify; padding:0; margin: -130px 0 0 110px; position: relative; float: left; display: inline;\">\nDie Short Days sind gekennzeichnet durch eine geringe Handelsspanne w\u00e4hrend des Zeitraums im Vergleich zu den Vorperioden. Charakteristisch ist ein langer oberer und unterer Schatten. <\/p>\n<\/div>\n<div style=\"overflow: hidden;\">\n<div id=\"attachment_790\" style=\"width: 90px\" class=\"wp-caption alignnone\"><img loading=\"lazy\" decoding=\"async\" aria-describedby=\"caption-attachment-790\" src=\"http:\/\/www.forex-pc.de\/wordpress\/wordpress\/wp-content\/uploads\/2010\/08\/marubozu.jpg\" alt=\"\" title=\"Marubozu\" width=\"80\" height=\"108\" class=\"size-full wp-image-790\" \/><p id=\"caption-attachment-790\" class=\"wp-caption-text\">Marubozu<\/p><\/div><\/p>\n<p style=\"text-align:justify; padding:0; margin: -130px 0 0 110px; position: relative; float: left; display: inline;\">\nMarubozu charakterisieren einen ausgepr\u00e4gten Aufw\u00e4rts -bzw. Abw\u00e4rtstrend. Bei einem Aufw\u00e4rtstrend \u00f6ffnet der Kurs mit dem Tiefstkurs und schlie\u00dft mit H\u00f6chstkurs. Dagegen \u00f6ffnet der Abw\u00e4rtstrend mit dem H\u00f6chstkurs und schlie\u00dft mit dem Tiefstkurs der Periode. <\/p>\n<\/div>\n<hr>\n<p><strong>weitere Grundlagen:<\/strong><\/p>\n<table width =\"75%\">\n<tr>\n<td width =\"15%\">\n<p><strong><br \/>\nMarktbewegung:<br \/>\n<\/strong><\/p>\n<\/td>\n<td width =\"60%\">\n<br \/>\nF\u00fcr eine Beurteilung der folgenden Candlestick-Formationen wird ein vorherrschender Trend vorausgesetzt. Dieser kann Bullish oder Bearish ausgepr\u00e4gt sein.\n<\/td>\n<\/tr>\n<tr>\n<td width =\"15%\">\n<p><strong><br \/>\nBullish:<br \/>\n<\/strong><\/p>\n<\/td>\n<td width =\"60%\">\n<br \/>\nStellt die Markterwartung eines Anlegers dar, der mit einem Bullenmarkt, also tendenziell steigenden Kursen rechnet.\n<\/td>\n<\/tr>\n<tr>\n<td width =\"15%\">\n<p><strong><br \/>\nBearish:<br \/>\n<\/strong><\/p>\n<\/td>\n<td width =\"60%\">\n<br \/>\nGegenteil vom Bullenmarkt. Entspricht der Markterwartung eines Anlegers, der mit einem B\u00e4renmarkt, also tendenziell fallenden Kursen rechnet.\n<\/td>\n<\/tr>\n<tr>\n<td width =\"15%\">\n<p><strong><br \/>\nLong:<br \/>\n<\/strong><\/p>\n<\/td>\n<td width =\"60%\">\n<br \/>\nBezeichnet die Position bzw. die Order eines Marktteilnehmers, welcher mit steigenden Kursen Gewinne erreichen will.\n<\/td>\n<\/tr>\n<tr>\n<td width =\"15%\">\n<p><strong><br \/>\nShort:<br \/>\n<\/strong><\/p>\n<\/td>\n<td width =\"60%\">\n<br \/>\nBezeichnet die Position bzw. die Order eines Marktteilnehmers, welcher mit fallenden Kursen Gewinne erreichen will.\n<\/td>\n<\/tr>\n<tr>\n<td width =\"15%\">\n<p><strong><br \/>\nGap:<br \/>\n<\/strong><\/p>\n<\/td>\n<td width =\"60%\">\n<br \/>\nGap stellt das Fenster zwischen zwei Kerzendochten dar, welches sich nach Vollendung der zweiten Kerze gegen\u00fcber der vorherigen Kerze ergibt. In dieser L\u00fccke hat kein Handel stattgefunden, das hei\u00dft der Schlusskurs vom Vortag und der Er\u00f6ffnungskurs des Folgetages waren verschieden.\n<\/td>\n<\/tr>\n<\/table>\n<hr>\n<p><strong>Folgend werden die 3 Arten von Gaps gezeigt:<\/strong><\/p>\n<div style=\"overflow: hidden;\">\n<div id=\"attachment_794\" style=\"width: 114px\" class=\"wp-caption alignnone\"><img loading=\"lazy\" decoding=\"async\" aria-describedby=\"caption-attachment-794\" src=\"http:\/\/www.forex-pc.de\/wordpress\/wordpress\/wp-content\/uploads\/2010\/08\/breakawaygap.jpg\" alt=\"\" title=\"Breakaway Gap\" width=\"104\" height=\"124\" class=\"size-full wp-image-794\" \/><p id=\"caption-attachment-794\" class=\"wp-caption-text\">Breakaway Gap<\/p><\/div><\/p>\n<p style=\"text-align:justify; padding:0; margin: -130px 0 0 110px; position: relative; float: left; display: inline;\">\n<p>Das Breakaway Gap tritt am Anfang eines Trends auf. Er durchbricht ganz oft Handelszonen und l\u00f6st einen Trend ein.<\/p>\n<\/div>\n<div id=\"attachment_1174\" style=\"width: 650px\" class=\"wp-caption alignnone\"><img loading=\"lazy\" decoding=\"async\" aria-describedby=\"caption-attachment-1174\" src=\"http:\/\/www.metatrader-mql-seminare.de\/xyz_wordpress\/wp-content\/uploads\/2010\/08\/breakawaygap2.jpg\" alt=\"\" title=\"Breakaway Gap\" width=\"640\" height=\"480\" class=\"size-full wp-image-1174\" srcset=\"http:\/\/www.candlestick-fibonacci.de\/wp-content\/uploads\/2010\/08\/breakawaygap2.jpg 640w, http:\/\/www.candlestick-fibonacci.de\/wp-content\/uploads\/2010\/08\/breakawaygap2-300x225.jpg 300w\" sizes=\"auto, (max-width: 640px) 100vw, 640px\" \/><p id=\"caption-attachment-1174\" class=\"wp-caption-text\">Breakaway Gap<\/p><\/div>\n<hr>\n<div style=\"overflow: hidden;\">\n<div id=\"attachment_795\" style=\"width: 114px\" class=\"wp-caption alignnone\"><img loading=\"lazy\" decoding=\"async\" aria-describedby=\"caption-attachment-795\" src=\"http:\/\/www.forex-pc.de\/wordpress\/wordpress\/wp-content\/uploads\/2010\/08\/continuation-gap.jpg\" alt=\"\" title=\"Continuation Gap\" width=\"104\" height=\"124\" class=\"size-full wp-image-795\" \/><p id=\"caption-attachment-795\" class=\"wp-caption-text\">Continuation Gap<\/p><\/div><\/p>\n<p style=\"text-align:justify; padding:0; margin: -130px 0 0 110px; position: relative; float: left; display: inline;\">\nDas Continuation Gap tritt w\u00e4hrend eines bestehenden Trendes auf. Dieses Gap verst\u00e4rkt den Trend noch einmal.<\/p>\n<\/div>\n<div id=\"attachment_1178\" style=\"width: 650px\" class=\"wp-caption alignnone\"><img loading=\"lazy\" decoding=\"async\" aria-describedby=\"caption-attachment-1178\" src=\"http:\/\/www.metatrader-mql-seminare.de\/xyz_wordpress\/wp-content\/uploads\/2010\/08\/contingap1.jpg\" alt=\"\" title=\"Continuation Gap\" width=\"640\" height=\"480\" class=\"size-full wp-image-1178\" srcset=\"http:\/\/www.candlestick-fibonacci.de\/wp-content\/uploads\/2010\/08\/contingap1.jpg 640w, http:\/\/www.candlestick-fibonacci.de\/wp-content\/uploads\/2010\/08\/contingap1-300x225.jpg 300w\" sizes=\"auto, (max-width: 640px) 100vw, 640px\" \/><p id=\"caption-attachment-1178\" class=\"wp-caption-text\">Continuation Gap<\/p><\/div>\n<hr>\n<div style=\"overflow: hidden;\">\n<div id=\"attachment_793\" style=\"width: 114px\" class=\"wp-caption alignnone\"><img loading=\"lazy\" decoding=\"async\" aria-describedby=\"caption-attachment-793\" src=\"http:\/\/www.forex-pc.de\/wordpress\/wordpress\/wp-content\/uploads\/2010\/08\/exhaustion-gap.jpg\" alt=\"\" title=\"Exhaustion Gap\" width=\"104\" height=\"124\" class=\"size-full wp-image-793\" \/><p id=\"caption-attachment-793\" class=\"wp-caption-text\">Exhaustion Gap<\/p><\/div><\/p>\n<p style=\"text-align:justify; padding:0; margin: -130px 0 0 110px; position: relative; float: left; display: inline;\">\nDas Exhaustion Gap ( Ersch\u00f6pfungsgap ) tritt am Ende eines Trendes auf. Dies sollte zu einer Trendwende f\u00fchren.<\/p>\n<\/div>\n<hr>\n<div id=\"attachment_798\" style=\"width: 650px\" class=\"wp-caption alignnone\"><img loading=\"lazy\" decoding=\"async\" aria-describedby=\"caption-attachment-798\" src=\"http:\/\/www.forex-pc.de\/wordpress\/wordpress\/wp-content\/uploads\/2010\/08\/exhaustiongap.jpg\" alt=\"\" title=\"Exhaustion Gap\" width=\"640\" height=\"480\" class=\"size-full wp-image-798\" srcset=\"http:\/\/www.candlestick-fibonacci.de\/wp-content\/uploads\/2010\/08\/exhaustiongap.jpg 640w, http:\/\/www.candlestick-fibonacci.de\/wp-content\/uploads\/2010\/08\/exhaustiongap-300x225.jpg 300w\" sizes=\"auto, (max-width: 640px) 100vw, 640px\" \/><p id=\"caption-attachment-798\" class=\"wp-caption-text\">Exhaustion Gap<\/p><\/div>\n<hr id=\"Formationsgap\">\n<div style=\"overflow: hidden;\">\n<div id=\"attachment_799\" style=\"width: 95px\" class=\"wp-caption alignnone\"><img loading=\"lazy\" decoding=\"async\" aria-describedby=\"caption-attachment-799\" src=\"http:\/\/www.forex-pc.de\/wordpress\/wordpress\/wp-content\/uploads\/2010\/08\/formationsgap.jpg\" alt=\"\" title=\"Formationsgap\" width=\"85\" height=\"106\" class=\"size-full wp-image-799\" \/><p id=\"caption-attachment-799\" class=\"wp-caption-text\">Formationsgap<\/p><\/div><\/p>\n<p style=\"text-align:justify; padding:0; margin: -130px 0 0 110px; position: relative; float: left; display: inline;\">\nEin <strong>Formationsgap<\/strong> stellt zwar, \u00e4hnlich dem klassischen Gap, eine Abweichung vom vorherigen Schlusskurs (1) zum nachfolgenden Er\u00f6ffnungskurs dar (2), es bildet sich aber kein klassisches Gap bzw. Fenster zwischen den Kerzendochten. Die Auspr\u00e4gung dieser Differenz beeinflusst ma\u00dfgeblich die St\u00e4rke einer Formation.<\/p>\n<\/div>\n<hr>\n<p style=\"text-align:justify\";>\nDas Formationsgap ist eine eigene Interpretation. Sie wird im Seminar bzw. im Workshop genauer unter die Lupe genommen. Sie ist ein Element der Bewertung einer Candle-Stick-Formation.<\/p>\n<hr>\n","protected":false},"excerpt":{"rendered":"<p>In der Einf\u00fchrung werden wir kurz ein paar Fachbegriffe unter die Lupe nehmen. Diese Begriffe sind notwendig, um die vielen Formationen verstehen zu k\u00f6nnen. Der K\u00f6rper stellt die Spanne zwischen Er\u00f6ffnungs- und Schlusskurs dar. Durch eine farbliche Abgrenzung sind Candlesticks leicht interpretierbar. Bei steigenden Kursen liegt der Schlusskurs \u00fcber dem Er\u00f6ffnungskurs. Es ergibt sich ein [&hellip;]<\/p>\n","protected":false},"author":1,"featured_media":0,"parent":1135,"menu_order":0,"comment_status":"closed","ping_status":"closed","template":"","meta":{"footnotes":""},"class_list":["post-2","page","type-page","status-publish","hentry"],"_links":{"self":[{"href":"http:\/\/www.candlestick-fibonacci.de\/index.php?rest_route=\/wp\/v2\/pages\/2","targetHints":{"allow":["GET"]}}],"collection":[{"href":"http:\/\/www.candlestick-fibonacci.de\/index.php?rest_route=\/wp\/v2\/pages"}],"about":[{"href":"http:\/\/www.candlestick-fibonacci.de\/index.php?rest_route=\/wp\/v2\/types\/page"}],"author":[{"embeddable":true,"href":"http:\/\/www.candlestick-fibonacci.de\/index.php?rest_route=\/wp\/v2\/users\/1"}],"replies":[{"embeddable":true,"href":"http:\/\/www.candlestick-fibonacci.de\/index.php?rest_route=%2Fwp%2Fv2%2Fcomments&post=2"}],"version-history":[{"count":31,"href":"http:\/\/www.candlestick-fibonacci.de\/index.php?rest_route=\/wp\/v2\/pages\/2\/revisions"}],"predecessor-version":[{"id":6,"href":"http:\/\/www.candlestick-fibonacci.de\/index.php?rest_route=\/wp\/v2\/pages\/2\/revisions\/6"}],"up":[{"embeddable":true,"href":"http:\/\/www.candlestick-fibonacci.de\/index.php?rest_route=\/wp\/v2\/pages\/1135"}],"wp:attachment":[{"href":"http:\/\/www.candlestick-fibonacci.de\/index.php?rest_route=%2Fwp%2Fv2%2Fmedia&parent=2"}],"curies":[{"name":"wp","href":"https:\/\/api.w.org\/{rel}","templated":true}]}}