{"id":379,"date":"2010-09-06T18:25:40","date_gmt":"2010-09-06T16:25:40","guid":{"rendered":"http:\/\/www.forex-pc.de\/wordpress\/wordpress\/?page_id=379"},"modified":"2010-09-23T13:45:20","modified_gmt":"2010-09-23T11:45:20","slug":"engulfing-lines","status":"publish","type":"page","link":"http:\/\/www.candlestick-fibonacci.de\/?page_id=379","title":{"rendered":"Engulfing Lines"},"content":{"rendered":"<hr>\n<div style=\"overflow: hidden;\">\n<div id=\"attachment_470\" style=\"width: 82px\" class=\"wp-caption alignnone\"><img loading=\"lazy\" decoding=\"async\" aria-describedby=\"caption-attachment-470\" src=\"http:\/\/www.forex-pc.de\/wordpress\/wordpress\/wp-content\/uploads\/2010\/09\/engulfing_bullish.jpg\" alt=\"\" title=\"Engulfing &lt;br&gt;(Bullish)\" width=\"72\" height=\"89\" class=\"size-full wp-image-470\" \/><p id=\"caption-attachment-470\" class=\"wp-caption-text\">Engulfing (Bullish)<\/p><\/div><\/p>\n<p style=\"text-align:justify; padding:0; margin: -130px 0 0 110px; position: relative; float: left; display: inline;\">\nDie Engulfing Lines stellen eine Umkehrformation aus zwei Kerzen dar, die bullish<br \/>\noder bearish zu interpretieren ist.<br \/>\nNach einer signifikanten Marktbewegung formiert sich zun\u00e4chst eine schwarze Kerze (1). Die folgende wei\u00dfe Kerze \u00f6ffnet unter dem vorherigen Schlusskurs und schlie\u00dft \u00fcber deren Er\u00f6ffnungskurs (2).<br \/>\nJe gr\u00f6\u00dfer das Formationsgap zwischen diesen beiden Kerzenk\u00f6rpern und je gr\u00f6\u00dfer die K\u00e9rzen sind, umso st\u00e4rker ist das Umkehrsignal am Boden des Marktes. <\/p>\n<\/div>\n<hr>\n<div id=\"attachment_468\" style=\"width: 650px\" class=\"wp-caption alignnone\"><img loading=\"lazy\" decoding=\"async\" aria-describedby=\"caption-attachment-468\" src=\"http:\/\/www.forex-pc.de\/wordpress\/wordpress\/wp-content\/uploads\/2010\/09\/engulfingbull.jpg\" alt=\"\" title=\"Engulfing (Bullish)\" width=\"640\" height=\"480\" class=\"size-full wp-image-468\" srcset=\"http:\/\/www.candlestick-fibonacci.de\/wp-content\/uploads\/2010\/09\/engulfingbull.jpg 640w, http:\/\/www.candlestick-fibonacci.de\/wp-content\/uploads\/2010\/09\/engulfingbull-300x225.jpg 300w\" sizes=\"auto, (max-width: 640px) 100vw, 640px\" \/><p id=\"caption-attachment-468\" class=\"wp-caption-text\">Engulfing (Bullish)<\/p><\/div>\n<p style=\"text-align:justify\">Nach einer signifikanten Marktbewegung formiert sich ein Engulfing (Bullish). Die zweite Kerze \u00f6ffnet unter dem vorherigen Schlusskurs und schlie\u00dft weit \u00fcber dem vorherigen Er\u00f6ffnungskurs. Aufgrund der Gr\u00f6\u00dfe des Formationsgaps und der L\u00e4nge des vorherrschenden Trends ist es wahrscheinlich, dass ein Umkehrsignal generiert wird. In einem soliden Markt gelten die Tiefstkurse der Formation als Unterst\u00fctzungslinie. <\/p>\n<hr>\n<p><strong>Analog dazu der Counterpart die Engulfing (Bearish) Formation: <\/strong><br \/>\n\n<\/p>\n<div style=\"overflow: hidden;\">\n<div id=\"attachment_469\" style=\"width: 82px\" class=\"wp-caption alignnone\"><img loading=\"lazy\" decoding=\"async\" aria-describedby=\"caption-attachment-469\" src=\"http:\/\/www.forex-pc.de\/wordpress\/wordpress\/wp-content\/uploads\/2010\/09\/engulfing_bearish.jpg\" alt=\"\" title=\"Engulfing &lt;br&gt;(Bearish)\" width=\"72\" height=\"89\" class=\"size-full wp-image-469\" \/><p id=\"caption-attachment-469\" class=\"wp-caption-text\">Engulfing (Bearish)<\/p><\/div><\/p>\n<p style=\"text-align:justify; padding:0; margin: -135px 0 0 125px; position: relative; float: left; display: inline;\">\nDas Engulfing (Bearish) ist eine Top-Umkehrformation nach einer vorherigen bullishen Marktbewegung.<br \/>\nDer wei\u00dfe Kerzenk\u00f6rper (1) wird in der Folgeperiode durch einen h\u00f6heren Er\u00f6ffnungskurs und niedrigeren Schlusskurs (2) umschlungen.<br \/>\nHier gilt ebenfalls: Je gr\u00f6\u00dfer das Formationsgap zwischen den beiden Kerzen und je gr\u00f6\u00dfer die Kerzen, umso st\u00e4rker das Umkehrsignal.<\/p>\n<\/div>\n<hr>\n<div id=\"attachment_467\" style=\"width: 650px\" class=\"wp-caption alignnone\"><img loading=\"lazy\" decoding=\"async\" aria-describedby=\"caption-attachment-467\" src=\"http:\/\/www.forex-pc.de\/wordpress\/wordpress\/wp-content\/uploads\/2010\/09\/engulfingbearish.jpg\" alt=\"\" title=\"Engulfing (Bearish)\" width=\"640\" height=\"480\" class=\"size-full wp-image-467\" srcset=\"http:\/\/www.candlestick-fibonacci.de\/wp-content\/uploads\/2010\/09\/engulfingbearish.jpg 640w, http:\/\/www.candlestick-fibonacci.de\/wp-content\/uploads\/2010\/09\/engulfingbearish-300x225.jpg 300w\" sizes=\"auto, (max-width: 640px) 100vw, 640px\" \/><p id=\"caption-attachment-467\" class=\"wp-caption-text\">Engulfing (Bearish)<\/p><\/div>\n<p style=\"text-align:justify\">Nachdem in der obigen Abbildung das Engulfing (Bullish) als Boden-Umkehrformation charakterisiert wurde, durchl\u00e4uft der Markt nun eine bullishe Gegenbewegung. Die erste Kerze der Engulfing (Bearish) Formation ist noch bullish (1). Die zweite Kerze er\u00f6ffnet mit einem Formationsgap und schlie\u00dft unter dem Er\u00f6ffnungskurs der ersten Kerze. Das Engulfing (Bearish) leitet zwar die Trendwende ein, ist aber aufgrund des kurzen Trends nur ein schwaches Umkehrsignal. Hier sollte die weitere Best\u00e4tigung f\u00fcr die Trendumkehr erfolgen.   <\/p>\n<hr id=\"Three Outside\">\n<p><strong>Folgende Kerzenformationen stellen eine Best\u00e4tigung f\u00fcr die Engulfing Lines als Umkehrsignal dar: <\/strong><br \/>\n\n<\/p>\n<div style=\"overflow: hidden;\">\n<div id=\"attachment_475\" style=\"width: 128px\" class=\"wp-caption alignnone\"><img loading=\"lazy\" decoding=\"async\" aria-describedby=\"caption-attachment-475\" src=\"http:\/\/www.forex-pc.de\/wordpress\/wordpress\/wp-content\/uploads\/2010\/09\/three-outside-up.jpg\" alt=\"\" title=\"Three Outside Up\" width=\"118\" height=\"111\" class=\"size-full wp-image-475\" \/><p id=\"caption-attachment-475\" class=\"wp-caption-text\">Three Outside Up<\/p><\/div><\/p>\n<p style=\"text-align:justify; padding:0; margin: -130px 0 0 125px; position: relative; float: left; display: inline;\">\nNach einem etablierten Abw\u00e4rtstrend formiert sich zun\u00e4chst nach dem zweiten Periode ein Engulfing (Bullish).<br \/>\nDie dritte Kerze schlie\u00dft mit einem h\u00f6heren Kurs als die zweite Kerze und komplettiert die Three Outside Up Formation.<br \/>\nDies ist eine starke Umkehrformation.<\/p>\n<\/div>\n<div style=\"overflow: hidden;\">\n<div id=\"attachment_474\" style=\"width: 129px\" class=\"wp-caption alignnone\"><img loading=\"lazy\" decoding=\"async\" aria-describedby=\"caption-attachment-474\" src=\"http:\/\/www.forex-pc.de\/wordpress\/wordpress\/wp-content\/uploads\/2010\/09\/three-outside-down.jpg\" alt=\"\" title=\"Three Outside Down\" width=\"119\" height=\"113\" class=\"size-full wp-image-474\" \/><p id=\"caption-attachment-474\" class=\"wp-caption-text\">Three Outside Down<\/p><\/div><\/p>\n<p style=\"text-align:justify; padding:0; margin: -120px 0 0 125px; position: relative; float: left; display: inline;\">\nHat sich ein Engulfing (Bearish)  nach vorherigen Aufw\u00e4rtstrend etabliert kann das Trendwendesignal durch die Erweiterung Three Outside Down best\u00e4tigt werden. Nach einem vorherrschenden Aufw\u00e4rtstrend erschafft diese Formation meist neue Widerstandslinien, welche sp\u00e4ter nur schwer zu durchbrechen sind.<\/p>\n<\/div>\n<hr>\n<hr>\n<div id=\"attachment_476\" style=\"width: 650px\" class=\"wp-caption alignnone\"><img loading=\"lazy\" decoding=\"async\" aria-describedby=\"caption-attachment-476\" src=\"http:\/\/www.forex-pc.de\/wordpress\/wordpress\/wp-content\/uploads\/2010\/09\/Three-Outside-Up.jpg\" alt=\"\" title=\"Three Outside Down und Three Outside Up \" width=\"640\" height=\"480\" class=\"size-full wp-image-476\" srcset=\"http:\/\/www.candlestick-fibonacci.de\/wp-content\/uploads\/2010\/09\/Three-Outside-Up.jpg 640w, http:\/\/www.candlestick-fibonacci.de\/wp-content\/uploads\/2010\/09\/Three-Outside-Up-300x225.jpg 300w\" sizes=\"auto, (max-width: 640px) 100vw, 640px\" \/><p id=\"caption-attachment-476\" class=\"wp-caption-text\">Three Outside Down und Three Outside Up <\/p><\/div>\n<p style=\"text-align:justify\">In der Abbildung entsteht zun\u00e4chst am Top der Marktgegenbewegung ein Bearish Engulfing (1,2). Die Best\u00e4tigung f\u00fcr eine Umkehrformation erh\u00e4lt das Bearish Engulfing durch die dritte Kerze. Diese schlie\u00dft mit tieferem Kurs als die Umkehrformation. Dadurch komplettiert sich ein Three Outside Down. Dieses gilt mit hoher Wahrscheinlichkeit als bearishes Signal.<br \/>\nAnalog dazu formiert sich im Aufw\u00e4rtstrend nach lediglich kleiner Kurskorrektur ein Bullish Engulfing mit signifikantem Formationsgap (I, II). Die nachfolgende Kerze (III) best\u00e4tigt den klaren bullishen Trend und vervollst\u00e4ndigt das Three Outside Up. Hinsichtlich des kurzen Abw\u00e4rtstrends sollte es ein schw\u00e4cheres Signal darstellen.\n <\/p>\n<hr>\n","protected":false},"excerpt":{"rendered":"<p>Die Engulfing Lines stellen eine Umkehrformation aus zwei Kerzen dar, die bullish oder bearish zu interpretieren ist. Nach einer signifikanten Marktbewegung formiert sich zun\u00e4chst eine schwarze Kerze (1). Die folgende wei\u00dfe Kerze \u00f6ffnet unter dem vorherigen Schlusskurs und schlie\u00dft \u00fcber deren Er\u00f6ffnungskurs (2). Je gr\u00f6\u00dfer das Formationsgap zwischen diesen beiden Kerzenk\u00f6rpern und je gr\u00f6\u00dfer die [&hellip;]<\/p>\n","protected":false},"author":1,"featured_media":0,"parent":49,"menu_order":1,"comment_status":"closed","ping_status":"closed","template":"","meta":{"footnotes":""},"class_list":["post-379","page","type-page","status-publish","hentry"],"_links":{"self":[{"href":"http:\/\/www.candlestick-fibonacci.de\/index.php?rest_route=\/wp\/v2\/pages\/379","targetHints":{"allow":["GET"]}}],"collection":[{"href":"http:\/\/www.candlestick-fibonacci.de\/index.php?rest_route=\/wp\/v2\/pages"}],"about":[{"href":"http:\/\/www.candlestick-fibonacci.de\/index.php?rest_route=\/wp\/v2\/types\/page"}],"author":[{"embeddable":true,"href":"http:\/\/www.candlestick-fibonacci.de\/index.php?rest_route=\/wp\/v2\/users\/1"}],"replies":[{"embeddable":true,"href":"http:\/\/www.candlestick-fibonacci.de\/index.php?rest_route=%2Fwp%2Fv2%2Fcomments&post=379"}],"version-history":[{"count":16,"href":"http:\/\/www.candlestick-fibonacci.de\/index.php?rest_route=\/wp\/v2\/pages\/379\/revisions"}],"predecessor-version":[{"id":471,"href":"http:\/\/www.candlestick-fibonacci.de\/index.php?rest_route=\/wp\/v2\/pages\/379\/revisions\/471"}],"up":[{"embeddable":true,"href":"http:\/\/www.candlestick-fibonacci.de\/index.php?rest_route=\/wp\/v2\/pages\/49"}],"wp:attachment":[{"href":"http:\/\/www.candlestick-fibonacci.de\/index.php?rest_route=%2Fwp%2Fv2%2Fmedia&parent=379"}],"curies":[{"name":"wp","href":"https:\/\/api.w.org\/{rel}","templated":true}]}}