{"id":399,"date":"2010-09-06T18:40:38","date_gmt":"2010-09-06T16:40:38","guid":{"rendered":"http:\/\/www.forex-pc.de\/wordpress\/wordpress\/?page_id=399"},"modified":"2010-09-13T15:35:26","modified_gmt":"2010-09-13T13:35:26","slug":"homing-pigeon","status":"publish","type":"page","link":"http:\/\/www.candlestick-fibonacci.de\/?page_id=399","title":{"rendered":"Homing Pigeon"},"content":{"rendered":"<hr>\n<div style=\"overflow: hidden;\">\n<div id=\"attachment_753\" style=\"width: 106px\" class=\"wp-caption alignnone\"><img loading=\"lazy\" decoding=\"async\" aria-describedby=\"caption-attachment-753\" src=\"http:\/\/www.forex-pc.de\/wordpress\/wordpress\/wp-content\/uploads\/2010\/09\/homing-pigeon2.jpg\" alt=\"\" title=\"Homing Pigeon\" width=\"96\" height=\"106\" class=\"size-full wp-image-753\" \/><p id=\"caption-attachment-753\" class=\"wp-caption-text\">Homing Pigeon<\/p><\/div><\/p>\n<p style=\"text-align:justify; padding:0; margin: -125px 0 0 108px; position: relative; float: left; display: inline;\">\nDie Homing Pigeon stellt eine zweikerzige Umkehrformation dar, die bullish zu interpretieren ist. Die erste Kerze best\u00e4tigt die vorherige bearishe Marktbewegung. Die zweite Kerze formiert einen kleinen Kerzenk\u00f6rper, der komplett innerhalb der ersten Kerze liegt. Dies kann ein Anzeichen f\u00fcr eine m\u00f6gliche Abschw\u00e4chung des bestehenden Trends sein.<\/p>\n<\/div>\n<hr>\n","protected":false},"excerpt":{"rendered":"<p>Die Homing Pigeon stellt eine zweikerzige Umkehrformation dar, die bullish zu interpretieren ist. Die erste Kerze best\u00e4tigt die vorherige bearishe Marktbewegung. Die zweite Kerze formiert einen kleinen Kerzenk\u00f6rper, der komplett innerhalb der ersten Kerze liegt. Dies kann ein Anzeichen f\u00fcr eine m\u00f6gliche Abschw\u00e4chung des bestehenden Trends sein.<\/p>\n","protected":false},"author":1,"featured_media":0,"parent":49,"menu_order":7,"comment_status":"closed","ping_status":"closed","template":"","meta":{"footnotes":""},"class_list":["post-399","page","type-page","status-publish","hentry"],"_links":{"self":[{"href":"http:\/\/www.candlestick-fibonacci.de\/index.php?rest_route=\/wp\/v2\/pages\/399","targetHints":{"allow":["GET"]}}],"collection":[{"href":"http:\/\/www.candlestick-fibonacci.de\/index.php?rest_route=\/wp\/v2\/pages"}],"about":[{"href":"http:\/\/www.candlestick-fibonacci.de\/index.php?rest_route=\/wp\/v2\/types\/page"}],"author":[{"embeddable":true,"href":"http:\/\/www.candlestick-fibonacci.de\/index.php?rest_route=\/wp\/v2\/users\/1"}],"replies":[{"embeddable":true,"href":"http:\/\/www.candlestick-fibonacci.de\/index.php?rest_route=%2Fwp%2Fv2%2Fcomments&post=399"}],"version-history":[{"count":4,"href":"http:\/\/www.candlestick-fibonacci.de\/index.php?rest_route=\/wp\/v2\/pages\/399\/revisions"}],"predecessor-version":[{"id":822,"href":"http:\/\/www.candlestick-fibonacci.de\/index.php?rest_route=\/wp\/v2\/pages\/399\/revisions\/822"}],"up":[{"embeddable":true,"href":"http:\/\/www.candlestick-fibonacci.de\/index.php?rest_route=\/wp\/v2\/pages\/49"}],"wp:attachment":[{"href":"http:\/\/www.candlestick-fibonacci.de\/index.php?rest_route=%2Fwp%2Fv2%2Fmedia&parent=399"}],"curies":[{"name":"wp","href":"https:\/\/api.w.org\/{rel}","templated":true}]}}