{"id":407,"date":"2010-09-06T18:43:27","date_gmt":"2010-09-06T16:43:27","guid":{"rendered":"http:\/\/www.forex-pc.de\/wordpress\/wordpress\/?page_id=407"},"modified":"2010-09-13T15:41:40","modified_gmt":"2010-09-13T13:41:40","slug":"deliberation","status":"publish","type":"page","link":"http:\/\/www.candlestick-fibonacci.de\/?page_id=407","title":{"rendered":"Deliberation"},"content":{"rendered":"<hr \/>\n<div style=\"overflow: hidden;\">\n<div id=\"attachment_780\" style=\"width: 94px\" class=\"wp-caption alignnone\"><img loading=\"lazy\" decoding=\"async\" aria-describedby=\"caption-attachment-780\" src=\"http:\/\/www.forex-pc.de\/wordpress\/wordpress\/wp-content\/uploads\/2010\/09\/deliberation_bullish1.jpg\" alt=\"\" title=\"Deliberation (Bullish)\" width=\"84\" height=\"131\" class=\"size-full wp-image-780\" \/><p id=\"caption-attachment-780\" class=\"wp-caption-text\">Deliberation (Bullish)<\/p><\/div>\n<\/div>\n<p style=\"text-align: justify; padding: 0; margin: -155px 0 0 115px; position: relative; float: left; display: inline;\">Deliberation ist eine dreikerzige Umkehrformation, die bullish oder bearish interpretiert werden kann.<br \/>\nBei der Deliberation (Bullish) charakterisieren die ersten zwei Kerzen den anhaltenden bearishen Trend. Die dritte Kerze kann diess bearishe Momentum nicht fortsetzen und schlie\u00dft mit kleinen Kerzenk\u00f6rper. Der dritte Kerzenk\u00f6rper kann auch mit einer L\u00fccke zur vorherigen Kerze ausgepr\u00e4gt sein. Die Formation ist ein Indiz f\u00fcr die beginnende oder vor\u00fcbergehende Schw\u00e4che des bestehenden Trends.\n<\/p>\n<hr \/>\n<div style=\"overflow: hidden;\">\n<div id=\"attachment_781\" style=\"width: 95px\" class=\"wp-caption alignnone\"><img loading=\"lazy\" decoding=\"async\" aria-describedby=\"caption-attachment-781\" src=\"http:\/\/www.forex-pc.de\/wordpress\/wordpress\/wp-content\/uploads\/2010\/09\/deliberation5.jpg\" alt=\"\" title=\"Deliberation (Bearish)\" width=\"85\" height=\"128\" class=\"size-full wp-image-781\" \/><p id=\"caption-attachment-781\" class=\"wp-caption-text\">Deliberation (Bearish)<\/p><\/div>\n<\/div>\n<p style=\"text-align: justify; padding: 0; margin: -155px 0 0 115px; position: relative; float: left; display: inline;\">Analog ist der Gegenpart die Deliberation (Bearish). Hier kennzeichen zwei starke bullishe Kerzen die vorherrschende Marktbewegung. Die dritte Kerze kann eine L\u00fccke ausbilden und schlie\u00dft am Ende der Periode mit kleinem Kerzenk\u00f6rper. Die St\u00e4rke des bestehenden bullishen Trends konnte zun\u00e4chst nicht behauptet werden. Die Formation k\u00f6nnte ein Anzeichen f\u00fcr eine beginnende Trendwende sein. <\/p>\n<hr \/>\n<div id=\"attachment_778\" style=\"width: 650px\" class=\"wp-caption alignnone\"><img loading=\"lazy\" decoding=\"async\" aria-describedby=\"caption-attachment-778\" src=\"http:\/\/www.forex-pc.de\/wordpress\/wordpress\/wp-content\/uploads\/2010\/09\/deliberation4.jpg\" alt=\"\" title=\"Deliberation (Bearish)\" width=\"640\" height=\"480\" class=\"size-full wp-image-778\" srcset=\"http:\/\/www.candlestick-fibonacci.de\/wp-content\/uploads\/2010\/09\/deliberation4.jpg 640w, http:\/\/www.candlestick-fibonacci.de\/wp-content\/uploads\/2010\/09\/deliberation4-300x225.jpg 300w\" sizes=\"auto, (max-width: 640px) 100vw, 640px\" \/><p id=\"caption-attachment-778\" class=\"wp-caption-text\">Deliberation (Bearish)<\/p><\/div>\n<p style=\"text-align: justify;\">Im Chart entwickelt sich nach vorheriger Marktbewegung eine bearishe Deliberation Formation. Die ersten zwei Kerzen kennzeichnen zun\u00e4chst einen starken bullishen Trend. Die dritte Kerze schlie\u00dft mit einem kleinen Kerzenk\u00f6rper und indiziert beginnende Schw\u00e4che des vorherrschenden Trends.<\/p>\n<hr>\n","protected":false},"excerpt":{"rendered":"<p>Deliberation ist eine dreikerzige Umkehrformation, die bullish oder bearish interpretiert werden kann. Bei der Deliberation (Bullish) charakterisieren die ersten zwei Kerzen den anhaltenden bearishen Trend. Die dritte Kerze kann diess bearishe Momentum nicht fortsetzen und schlie\u00dft mit kleinen Kerzenk\u00f6rper. Der dritte Kerzenk\u00f6rper kann auch mit einer L\u00fccke zur vorherigen Kerze ausgepr\u00e4gt sein. Die Formation ist [&hellip;]<\/p>\n","protected":false},"author":1,"featured_media":0,"parent":49,"menu_order":11,"comment_status":"closed","ping_status":"closed","template":"","meta":{"footnotes":""},"class_list":["post-407","page","type-page","status-publish","hentry"],"_links":{"self":[{"href":"http:\/\/www.candlestick-fibonacci.de\/index.php?rest_route=\/wp\/v2\/pages\/407","targetHints":{"allow":["GET"]}}],"collection":[{"href":"http:\/\/www.candlestick-fibonacci.de\/index.php?rest_route=\/wp\/v2\/pages"}],"about":[{"href":"http:\/\/www.candlestick-fibonacci.de\/index.php?rest_route=\/wp\/v2\/types\/page"}],"author":[{"embeddable":true,"href":"http:\/\/www.candlestick-fibonacci.de\/index.php?rest_route=\/wp\/v2\/users\/1"}],"replies":[{"embeddable":true,"href":"http:\/\/www.candlestick-fibonacci.de\/index.php?rest_route=%2Fwp%2Fv2%2Fcomments&post=407"}],"version-history":[{"count":8,"href":"http:\/\/www.candlestick-fibonacci.de\/index.php?rest_route=\/wp\/v2\/pages\/407\/revisions"}],"predecessor-version":[{"id":825,"href":"http:\/\/www.candlestick-fibonacci.de\/index.php?rest_route=\/wp\/v2\/pages\/407\/revisions\/825"}],"up":[{"embeddable":true,"href":"http:\/\/www.candlestick-fibonacci.de\/index.php?rest_route=\/wp\/v2\/pages\/49"}],"wp:attachment":[{"href":"http:\/\/www.candlestick-fibonacci.de\/index.php?rest_route=%2Fwp%2Fv2%2Fmedia&parent=407"}],"curies":[{"name":"wp","href":"https:\/\/api.w.org\/{rel}","templated":true}]}}