{"id":431,"date":"2010-09-06T18:53:41","date_gmt":"2010-09-06T16:53:41","guid":{"rendered":"http:\/\/www.forex-pc.de\/wordpress\/wordpress\/?page_id=431"},"modified":"2010-09-13T15:39:20","modified_gmt":"2010-09-13T13:39:20","slug":"two-crows","status":"publish","type":"page","link":"http:\/\/www.candlestick-fibonacci.de\/?page_id=431","title":{"rendered":"Two Crows"},"content":{"rendered":"<hr>\n<div style=\"overflow: hidden;\">\n<div id=\"attachment_640\" style=\"width: 98px\" class=\"wp-caption alignnone\"><img loading=\"lazy\" decoding=\"async\" aria-describedby=\"caption-attachment-640\" src=\"http:\/\/www.forex-pc.de\/wordpress\/wordpress\/wp-content\/uploads\/2010\/09\/two-crows-1.jpg\" alt=\"\" title=\"Two Crows\" width=\"88\" height=\"114\" class=\"size-full wp-image-640\" \/><p id=\"caption-attachment-640\" class=\"wp-caption-text\">Two Crows<\/p><\/div><\/p>\n<p style=\"text-align:justify; padding:0; margin: -135px 0 0 110px; position: relative; float: left; display: inline;\">\nDie Two Crows Formation besteht aus drei Kerzen und wird als bearishe Umkehrformation interpretiert. Zun\u00e4chst ist eine klare bullishe Marktbewegung vorhanden. Dies indiziert auch eine lange bullishe Kerze, die nahe ihrem H\u00f6chstkurs schlie\u00dft (1). Die zweite Kerze er\u00f6ffnet mit einem Gap gegen\u00fcber dem vorherigen Schlusskurs, schlie\u00dft in der N\u00e4he des Tiefstkurses und komplettiert die L\u00fccke. Die dritte Kerze f\u00fcllt die vorher entstandene L\u00fccke aus und best\u00e4tigt mit dem Close eine m\u00f6gliche bearishe Trendwende.\n<\/p>\n<\/div>\n<hr>\n<div id=\"attachment_643\" style=\"width: 650px\" class=\"wp-caption alignnone\"><img loading=\"lazy\" decoding=\"async\" aria-describedby=\"caption-attachment-643\" src=\"http:\/\/www.forex-pc.de\/wordpress\/wordpress\/wp-content\/uploads\/2010\/09\/two-crows.jpg\" alt=\"\" title=\"Two Crows\" width=\"640\" height=\"480\" class=\"size-full wp-image-643\" srcset=\"http:\/\/www.candlestick-fibonacci.de\/wp-content\/uploads\/2010\/09\/two-crows.jpg 640w, http:\/\/www.candlestick-fibonacci.de\/wp-content\/uploads\/2010\/09\/two-crows-300x225.jpg 300w\" sizes=\"auto, (max-width: 640px) 100vw, 640px\" \/><p id=\"caption-attachment-643\" class=\"wp-caption-text\">Two Crows<\/p><\/div>\n<p style=\"text-align:justify\">Die erste Kerze charakterisiert die vorliegende Marktbewegung (1). Die zweite Kerze er\u00f6ffnet mit einem Gap und schlie\u00dft mit kleinem Kerzenk\u00f6rper. Die dritte Kerze f\u00fcllt die vorher entstandene L\u00fccke und signalisiert die bearishe Trendwende.\n <\/p>\n<hr>\n<div style=\"overflow: hidden;\">\n<div id=\"attachment_692\" style=\"width: 98px\" class=\"wp-caption alignnone\"><img loading=\"lazy\" decoding=\"async\" aria-describedby=\"caption-attachment-692\" src=\"http:\/\/www.forex-pc.de\/wordpress\/wordpress\/wp-content\/uploads\/2010\/09\/upsidegaptwocrows1.jpg\" alt=\"\" title=\"Upside Gap Two Crows\" width=\"88\" height=\"114\" class=\"size-full wp-image-692\" \/><p id=\"caption-attachment-692\" class=\"wp-caption-text\">Upside Gap Two Crows<\/p><\/div><\/p>\n<p style=\"text-align:justify; padding:0; margin: -140px 0 0 110px; position: relative; float: left; display: inline;\">\nDie Upside Gap Two Crows Formation charakterisiert zun\u00e4chst eine starke bullishe Kerze. Die zweite Kerze er\u00f6ffnet mit einem Gap und hinterl\u00e4sst ein steigendes Fenster. Die dritte Kerze er\u00f6ffnet gegen\u00fcber der vorherigen Kerze zu einem h\u00f6heren Kurs und schlie\u00dft zu einem niedrigeren Kurs . Dadurch formiert sich ein ein Engulfing (Bearish). Durch diesen neuen Tiefstkurs der dritten Kerze wird das Fenster als Unterst\u00fctzungslinie getestet. Best\u00e4tigung erh\u00e4lt die bearishe Umkehrformation, wenn das Fenster geschlossen wird\n<\/p>\n<\/div>\n<hr>\n","protected":false},"excerpt":{"rendered":"<p>Die Two Crows Formation besteht aus drei Kerzen und wird als bearishe Umkehrformation interpretiert. Zun\u00e4chst ist eine klare bullishe Marktbewegung vorhanden. Dies indiziert auch eine lange bullishe Kerze, die nahe ihrem H\u00f6chstkurs schlie\u00dft (1). Die zweite Kerze er\u00f6ffnet mit einem Gap gegen\u00fcber dem vorherigen Schlusskurs, schlie\u00dft in der N\u00e4he des Tiefstkurses und komplettiert die L\u00fccke. [&hellip;]<\/p>\n","protected":false},"author":1,"featured_media":0,"parent":49,"menu_order":19,"comment_status":"closed","ping_status":"closed","template":"","meta":{"footnotes":""},"class_list":["post-431","page","type-page","status-publish","hentry"],"_links":{"self":[{"href":"http:\/\/www.candlestick-fibonacci.de\/index.php?rest_route=\/wp\/v2\/pages\/431","targetHints":{"allow":["GET"]}}],"collection":[{"href":"http:\/\/www.candlestick-fibonacci.de\/index.php?rest_route=\/wp\/v2\/pages"}],"about":[{"href":"http:\/\/www.candlestick-fibonacci.de\/index.php?rest_route=\/wp\/v2\/types\/page"}],"author":[{"embeddable":true,"href":"http:\/\/www.candlestick-fibonacci.de\/index.php?rest_route=\/wp\/v2\/users\/1"}],"replies":[{"embeddable":true,"href":"http:\/\/www.candlestick-fibonacci.de\/index.php?rest_route=%2Fwp%2Fv2%2Fcomments&post=431"}],"version-history":[{"count":12,"href":"http:\/\/www.candlestick-fibonacci.de\/index.php?rest_route=\/wp\/v2\/pages\/431\/revisions"}],"predecessor-version":[{"id":824,"href":"http:\/\/www.candlestick-fibonacci.de\/index.php?rest_route=\/wp\/v2\/pages\/431\/revisions\/824"}],"up":[{"embeddable":true,"href":"http:\/\/www.candlestick-fibonacci.de\/index.php?rest_route=\/wp\/v2\/pages\/49"}],"wp:attachment":[{"href":"http:\/\/www.candlestick-fibonacci.de\/index.php?rest_route=%2Fwp%2Fv2%2Fmedia&parent=431"}],"curies":[{"name":"wp","href":"https:\/\/api.w.org\/{rel}","templated":true}]}}